4858639 prime?
True
Is 5955258653 a composite number?
False
Is 2106840679 a composite number?
True
Is 5038817273 a prime number?
False
Is 97113015733 prime?
True
Is 2406845387 a prime number?
False
Is 4304102219 composite?
True
Is 1626138013 prime?
True
Is 18099053053 composite?
True
Is 9045697963 a composite number?
True
Is 6487504763 prime?
True
Is 302001967 a composite number?
False
Is 26664435197 a prime number?
True
Is 53081928127 a composite number?
True
Is 2101363921 a prime number?
True
Is 49577192641 a composite number?
False
Is 100445965219 prime?
True
Is 148078959283 composite?
True
Is 48745720549 a composite number?
False
Is 50101181419 a composite number?
False
Is 5225958041 a composite number?
True
Is 2198215079 a composite number?
True
Is 2703318941 prime?
False
Is 8914092571 prime?
False
Is 621417877 composite?
True
Is 228812447 a prime number?
True
Is 13330349 composite?
False
Is 4444855603 a prime number?
True
Is 10644134199 a composite number?
True
Is 1526472911 prime?
True
Is 148323810233 prime?
False
Is 4477642943 composite?
False
Is 2012901581 a composite number?
False
Is 48081033817 prime?
False
Is 391516673 composite?
True
Is 196361527 a composite number?
False
Is 2230692602 prime?
False
Is 30329888623 a prime number?
False
Is 2519671997 a composite number?
False
Is 132974864395 a composite number?
True
Is 564108802 prime?
False
Is 10717654561 a prime number?
False
Is 1750667222 composite?
True
Is 2976767741 a prime number?
True
Is 211028891 a composite number?
False
Is 4878231521 a composite number?
False
Is 1279324049 composite?
False
Is 119615151787 a composite number?
False
Is 5121041309 composite?
False
Is 6645059117 a composite number?
False
Is 13455697 a composite number?
False
Is 31681910933 a prime number?
False
Is 97713797 a prime number?
False
Is 994397731 a composite number?
True
Is 1151001739 prime?
False
Is 43772844851 composite?
True
Is 12002948121 composite?
True
Is 3752038029 a composite number?
True
Is 9827947939 prime?
False
Is 981868249 a prime number?
True
Is 188954309777 a prime number?
False
Is 121529668333 prime?
False
Is 389440019 prime?
True
Is 15569758947 composite?
True
Is 76130903 composite?
False
Is 33301179523 a composite number?
True
Is 77376163355 a composite number?
True
Is 37666711 prime?
False
Is 39689654023 prime?
True
Is 4182320719 composite?
False
Is 68164554811 prime?
False
Is 1218315073 composite?
False
Is 1069684783 prime?
False
Is 1670564747 prime?
False
Is 4635919469 prime?
False
Is 156023282743 composite?
True
Is 268052221 a prime number?
False
Is 79043219 composite?
False
Is 29750010739 prime?
True
Is 1564798549 a prime number?
True
Is 35918908783 a prime number?
True
Is 36034201069 prime?
False
Is 113806740461 prime?
False
Is 515647397 composite?
True
Is 19722216335 prime?
False
Is 4255404851 composite?
False
Is 4362217877 a prime number?
True
Is 1246443917 a prime number?
True
Is 19267336561 a prime number?
False
Is 174575197 composite?
True
Is 355104701 a prime number?
False
Is 5243533327 a composite number?
False
Is 2256060011 a composite number?
True
Is 9823619693 a prime number?
True
Is 75078277279 a composite number?
False
Is 373727022063 prime?
False
Is 25070594959 a prime number?
True
Is 4629742879 a composite number?
False
Is 203057971 prime?
False
Is 886885907 a composite number?
True
Is 5822968091 prime?
False
Is 11435421787 a prime number?
False
Is 92979781 composite?
False
Is 2736498497 prime?
False
Is 548163269 a composite number?
True
Is 49051524943 a composite number?
False
Is 6605534069 a prime number?
False
Is 72636473617 composite?
True
Is 236638427 composite?
False
Is 1617353717 composite?
True
Is 1314720139 a composite number?
False
Is 9075957949 a composite number?
True
Is 322587809 a composite number?
True
Is 2494385783 composite?
False
Is 25900521953 composite?
False
Is 74491044317 a composite number?
False
Is 6147773843 composite?
True
Is 1425430873 a prime number?
False
Is 255838885 a prime number?
False
Is 24587948531 composite?
False
Is 2418082231 a prime number?
True
Is 3209593867 a composite number?
True
Is 160084860977 prime?
True
Is 911907161 prime?
False
Is 12694704557 a prime number?
False
Is 45892090547 a composite number?
False
Is 7202778389 a prime number?
True
Is 66163193309 a prime number?
True
Is 318949997 prime?
True
Is 9254149 composite?
False
Is 5722378583 composite?
False
Is 34931233655 a composite number?
True
Is 222546767 prime?
False
Is 17843665861 a composite number?
True
Is 27439613321 a composite number?
False
Is 834234833 prime?
True
Is 1166432451 prime?
False
Is 419189179 a prime number?
False
Is 64161268219 a composite number?
False
Is 14421512341 prime?
False
Is 5138432863 prime?
True
Is 414321639931 composite?
False
Is 3635468779 prime?
True
Is 2870323091 a composite number?
False
Is 2228761361 composite?
False
Is 4010541611 a prime number?
True
Is 134759711 a composite number?
False
Is 29741587769 a prime number?
True
Is 1374989573 a prime number?
True
Is 1332939389 prime?
False
Is 16675608139 composite?
True
Is 1006228133 a prime number?
True
Is 120432989899 prime?
True
Is 45481728353 composite?
False
Is 36965417 composite?
False
Is 5603297617 a composite number?
True
Is 47552567135 composite?
True
Is 19704935837 a composite number?
False
Is 122126357 prime?
False
Is 16543979 a composite number?
False
Is 26335592033 a prime number?
False
Is 58471856981 a composite number?
False
Is 1357488583 prime?
False
Is 4876883813 prime?
True
Is 6046952167 a composite number?
True
Is 18397015673 prime?
False
Is 32912909 a composite number?
True
Is 40839518527 a prime number?
False
Is 425911823 composite?
False
Is 679579963 a prime number?
False
Is 116314164977 a composite number?
False
Is 1550957127 composite?
True
Is 9984660977 composite?
True
Is 20770979351 prime?
True
Is 1058258342 prime?
False
Is 11995319863 a prime number?
False
Is 185793511 a composite number?
False
Is 95304541 composite?
True
Is 251927479 prime?
False
Is 795221386 a composite number?
True
Is 11541599473 composite?
True
Is 359264078 a prime number?
False
Is 48478336777 prime?
False
Is 33017991271 prime?
True
Is 1761772703 prime?
True
Is 92797021 prime?
True
Is 17717717687 composite?
False
Is 9842234027 a prime number?
False
Is 457068613 composite?
True
Is 32355731 prime?
True
Is 521065429 a prime number?
True
Is 2290111193 a prime number?
True
Is 19245823867 a prime number?
False
Is 1311022577 prime?
True
Is 16408516169 composite?
True
Is 120692449 composite?
True
Is 402630377 a prime number?
False
Is 5360388001 a composite number?
False
Is 5635101323 a composite number?
False
Is 331384093 prime?
True
Is 428697911 composite?
False
Is 3044003143 prime?
True
Is 1092049297 a composite number?
True
Is 2286007231 a composite number?
True
Is 834299957 a composite number?
True
Is 3185570021 a prime number?
False
Is 370383481 prime?
False
Is 7153650827 a composite number?
True
Is 1056268142 a prime number?
False
Is 853357727 composite?
False
Is 7438249783 prime?
False
Is 41661747631 a prime number?
False
Is 1236243545 a composite number?
True
Is 1676166571 a composite number?
False
Is 371351756987 composite?
True
Is 1525409761 prime?
True
Is 400842961 composite?
False
Is 1131654643 a prime number?
False
Is 14521997327 prime?
True
Is 812765719 a prime number?
False
Is 2344351291 composite?
True
Is 1668946663 prime?
True
Is 8591165659 a composite number?
False
Is 1143964663 composite?
True
Is 7652162107 composite?
False
Is 158206195717 a composite number?
True
Is 1366651669 a composite number?
False
Is 95906947811 prime?
True
Is 12570073 prime?
True
Is 38050940383 prime?
True
Is 441838618279 a composite number?
False
Is 13443014059 prime?
True
Is 625349051 a composite number?
False
Is 6722598061 prime?
False
Is 45714272737 composite?
True
Is 349388623 a prime number?
False
Is 44330819629 prime?
True
Is 700199497 prime?
True
Is 519637297 a composite number?
True
Is 29404932611 a prime number?
True
Is 762544019 prime?
False
Is 5912545393 prime?
False
Is 67807113449 prime?
False
Is 156905059387 composite?
False
Is 252075895 composite?
True
Is 1126449803 a composite number?
False
Is 26476369 composite?
True
Is 2349874297 a prime number?
True
Is 57233023 a prime numbe